5 + 0*o + 2*o**2 + 0 + 0*o**p. Give a(2).
4
Let d = -21 + 15. Let o(g) = -g**3 - 6*g**2. Determine o(d).
0
Let q(w) be the third derivative of -1/6*w**3 + 0*w - 2*w**2 - 5/24*w**4 + 0. Let s = 0 + -1. What is q(s)?
4
Let w(g) be the second derivative of -g**7/840 - g**6/90 - g**5/40 + g**4/24 + g**3/2 - 2*g. Let h(u) be the second derivative of w(u). Determine h(-3).
1
Let m(d) = -2 + d + 7 + 1 - d**3 - 6*d**2. Calculate m(-6).
0
Let j = 2/21 + 1/14. Let h(r) be the second derivative of j*r**3 + 2*r + 0*r**2 + 0. Calculate h(-1).
-1
Let u(t) = -t**2 + 26. Let f be u(-5). Let o(c) = -c**2 - 1 - 2*c**2 + 7*c**2. Determine o(f).
3
Let x(z) be the first derivative of 2 - z + 2*z**3 + 1/2*z**2. Calculate x(1).
6
Let w(k) = k**2 + 5*k - 2. Let s(n) = 2*n**2 + 5*n + 2. Let o be s(-3). Suppose o*i + 20 = -0*i. Determine w(i).
-6
Let p(i) = 9*i - 1. Let h(u) = 2*u. Let z(o) = 6*h(o) - 2*p(o). Let g(c) = -5*c + 2. Let w(k) = -7*g(k) + 6*z(k). Calculate w(-2).
0
Let z(i) = i**3 - i**2 - i - 1. Let o(l) = -6*l**3 + 9*l**2 + 10*l + 2. Let b(t) = -o(t) - 5*z(t). Let j be b(5). Let f(m) = 5*m - 1 - j*m + 2. Calculate f(-5).
-9
Suppose -2*d + 3*z - 4*z = -9, 5*d = 5*z. Let q be ((2 - -2) + -2)/1. Let t(i) = 8*i + 5*i**q - 4*i - 6*i**2. Give t(d).
3
Let o(c) = -4*c - 4 + 3 + 7*c. Give o(-1).
-4
Let h(s) be the third derivative of 1/6*s**3 + 0*s + 1/8*s**4 + 0 - 2*s**2. Calculate h(-3).
-8
Let c(j) = j**3 + 6*j**2 - j - 2. Suppose -5*w - 21 - 54 = 0. Let b = w + 9. Calculate c(b).
4
Suppose 4*f = -3*j - 10, j = -3*f - j - 7. Let d(g) = -2*g**2 + g + 1. Determine d(f).
-2
Let q(n) be the first derivative of -n**4/4 + 2*n**3 - 3*n**2 - n - 2. Suppose 5*k - 5*r = 0, -3*r + 0*r + 4 = -5*k. Let s be 5 + k - (0 - 2). Give q(s).
-6
Suppose -5*l - 10 = -3*k, -k + 4 = 3*l - 4*l. Let y = 0 + l. Let b(r) = r**2 - r + 0*r**2 - 5*r**2. Calculate b(y).
-5
Suppose 18 = 6*k + 3*b, 0 = 3*k - 5*b + 17. Let s(i) = 2*i - 14*i**2 + 1 - 3*i + 0*i. Calculate s(k).
-14
Let m(z) be the second derivative of 3/2*z**2 + 5*z + 0 - 1/6*z**3. Let a(x) = x**2 + 4*x - 4. Let y be a(-4). Give m(y).
7
Suppose 64 = 5*o + 4. Suppose 4 = 2*q + o. Let g(z) = 2*z + 5. Let n(b) = b + 2. Let c(i) = 3*g(i) - 8*n(i). Calculate c(q).
7
Suppose 2*x - 12 + 4 = 0. Let w = x - 9. Let i(c) = c**3 - 2*c**2 + 7*c. Let q(d) = 6*d**3 - 9*d**2 + 35*d. Let p(s) = 11*i(s) - 2*q(s). Calculate p(w).
-10
Let m(j) be the third derivative of j**6/360 + 5*j**4/24 + j**3/2 - 2*j**2. Let v(l) be the first derivative of m(l). Determine v(0).
5
Let g(a) = -2*a - 2. Let d(u) = -u - 1. Let z(v) = -4*d(v) + 3*g(v). Determine z(-6).
10
Suppose -5*o + 5*s = -40, -2 = 2*o + 2*s + 2*s. Let a(x) = -8*x - 10 + x**2 + 2*x - 14 + 29. Calculate a(o).
0
Let k(b) = -3*b**2 - 3*b**2 + 2*b**2 - 5*b - b**3 - 4. Let v(h) = -h**2 - 4*h + 2. Let p be v(-4). Let u be (-1 + p)/(1/(-3)). Determine k(u).
2
Let u(i) = -i**2 + i. Let f(y) = -4*y**2 - y. Let o(z) = -f(z) - u(z). Calculate o(1).
5
Let z(h) be the first derivative of 1/2*h**2 + 11/3*h**3 + 3 + h. Determine z(-1).
11
Let k(q) = 9*q + 2. Let r be k(3). Suppose 2*s - 5*g = r, g + g + 12 = s. Let o(p) = -2*p**s + 5*p**2 + p**2 + p**3 - 2 + p. Calculate o(-3).
4
Let m(q) = -q**3 - 6*q**2 - 7*q - 7. Suppose 0*p = 3*p + 15. Let y be m(p). Let l(d) = -4 - d + 2*d**2 + d**3 - 2*d**3 - y*d**2. Give l(0).
-4
Let s(n) be the second derivative of n**5/20 - 5*n**4/12 + 5*n**3/6 - 5*n**2/2 + n. Let d = 32 + -28. Calculate s(d).
-1
Let g be (-12)/(-8)*(-2)/(-3). Let j(b) = 0 - 4 - 2*b**2 + 3*b**2 + 3 + b. Give j(g).
1
Let o = 15 + -13. Let b(v) = -115 + 113 + 2*v**2 - 2*v + 0*v. What is b(o)?
2
Let z(h) = -h**3 - 4*h**2 - 5*h - 2. Let r be z(-3). Let g(p) = -p**3 - 4*p**2 + 3*p - 6. Let i be g(-5). Let u(f) = 0*f + 0*f - i + 4*f - f**2. Calculate u(r).
-4
Let z(s) = 4*s - 1. Let q(o) = o**2 + 4*o - 2. Let d be q(-5). Suppose d = 4*k - 1. Give z(k).
3
Let c(i) be the first derivative of -19*i**4/4 - i**3/3 + i**2 - i + 27. Give c(1).
-19
Let h(i) = -i**2 - 7*i - 6. Let g be h(-4). Let q(a) = -7 + 3*a**2 - 2*a**2 + g*a - a. Let c = -6 + 1. What is q(c)?
-7
Let l(r) = 4*r**3 + 9*r**3 + 12*r**2 - 13*r**2 + r. Calculate l(1).
13
Let t(c) be the third derivative of -c**4/6 - c**3/6 - 24*c**2. Determine t(-1).
3
Let k = -1 + 4. Let x(z) = -z**2 + 2*z - 2. Calculate x(k).
-5
Let k(s) = 2*s + 3*s**2 + 0*s - 5*s - 4*s**2 + 6. Calculate k(-5).
-4
Let s = 1 - 3. Let w(a) = -9*a + 17. Let p(k) = -3*k + 6. Let v(n) = 17*p(n) - 6*w(n). Determine v(s).
-6
Suppose r + 15 = 3*d - d, 4*d - 3*r - 35 = 0. Let k(j) be the second derivative of j**2 + 1/6*j**3 + 0 - j. Determine k(d).
7
Let l(g) = -g**3 - 1 + 0*g**3 - 3*g + 3 + 2 - 6*g**2. What is l(-5)?
-6
Let m(z) = -3*z + 4. Let d(q) = 4*q - 5. Let o(i) = -2*d(i) - 3*m(i). Let u = -3 - 1. What is o(u)?
-6
Let a = 88 - 87. Let i(h) = 8*h**3 + 1. What is i(a)?
9
Let r(c) be the third derivative of -1/24*c**4 + 0*c**3 + 0 + 4*c**2 + 1/12*c**5 + 0*c. Determine r(1).
4
Let r(v) = -v - 6. Let a(l) = l - 1. Let z(d) = -2*a(d) - r(d). Give z(6).
2
Let p(k) be the third derivative of -5*k**4/24 + k**3/6 + k**2. Let d be p(1). Let u(o) = o**3 + 5*o**2 + 5*o - 1. Give u(d).
-5
Suppose -5*u = -9*u. Let s(w) = w + 8. Determine s(u).
8
Let b(z) = z**2 + 5*z + 4. Let k be (-3 - -4)/(-1*1/5). Give b(k).
4
Let q be 1 + 1/(3 + -2). Let v(u) = u + 1 - 5 + 5 - 2*u**2 + u**q. What is v(0)?
1
Let s = 7 - 4. Let d(w) = 2 - s - w + 2 + 2*w. Let u(m) = m**2 - 11*m - 11. Let k(h) = -44*d(h) - 4*u(h). What is k(1)?
-4
Suppose 0 = -11*k + 13*k + 18. Let a = k - -10. Let t(v) be the second derivative of -v**3/6 + v**2/2 + v. Calculate t(a).
0
Suppose q + q = -v - 13, q - 3*v + 24 = 0. Let n = q - -11. Let k(b) = -b + 4. Determine k(n).
2
Let r(d) = d**3 + 6*d**2 - 8*d - 3. Let m be r(-7). Let u be m - (-1 + -1 - -3). Suppose -j = u*j - 8. Let z(h) = 4*h + 1. Determine z(j).
9
Suppose 3*z = -2 + 14. Let f(v) = 0*v - z + 0 - v. Let n(c) = c**2 - 3*c. Let m be n(4). What is f(m)?
-8
Let v be (-1)/(2 - (-9)/(-4)). Let n(h) = h**2 - 3*h + 1. Calculate n(v).
5
Let u(y) be the third derivative of 5*y**4/24 + y**3/3 - 9*y**2. Suppose -o = 3*k + 10, -6 = -k - o + 3*o. Calculate u(k).
-8
Let f(p) = p + 1. Let o(b) = -b - 1. Let z(v) = 6*f(v) + 7*o(v). Let y(l) = 7*l + 1. Let c(r) = y(r) + 6*z(r). Give c(6).
1
Let x(r) be the second derivative of r**4/12 + 7*r**3/6 - r**2 - 9*r. Calculate x(-5).
-12
Let l(q) = -7*q - 5. Let g(u) = 8*u + 5. Let x(f) = 3*g(f) + 4*l(f). Let w(v) = -5*v - 5. Let z(n) = 5*w(n) - 6*x(n). Calculate z(6).
-1
Let l(r) = 5 + 0*r + r - 2 + 0*r. Give l(-2).
1
Let g be (0 - -3)/(1/1). Let q(s) be the third derivative of s**5/30 - s**4/8 - s**3/2 - s**2. Determine q(g).
6
Let f = -19 - -25. Let r(j) = 2*j + 8. Calculate r(f).
20
Suppose 3*y = -2*y - 10. Let n(i) = -2*i**2 - 13*i - 7. Let q(k) = 3*k**2 + 19*k + 10. Let g(x) = -7*n(x) - 5*q(x). Calculate g(y).
3
Let x = 5 + -3. Let u(t) = 5*t**3 - 3*t**3 - 3*t**3 + t**2. What is u(x)?
-4
Let l(t) = 15 - 9 - 9 - t. What is l(-5)?
2
Let b = -5 + 2. Let x(i) = 7*i**2 - 5*i**2 - 3*i**2 - 3*i. Calculate x(b).
0
Let m be (-3)/(-1) - 1 - 0. Let p(t) = 3*t + m*t - t - 2. Calculate p(-2).
-10
Let q be (-4 + 5)*(-3)/(-1). Let t = q - 1. Let n(f) = -t - 4 + 5 + 2*f + 7. Determine n(-4).
-2
Let l(h) be the first derivative of 4*h**2 + h + 38. What is l(-1)?
-7
Let h = 1 - -4. Let f(g) be the first derivative of -g**2 + 4*g - 3. Calculate f(h).
-6
Let a(b) = -b - 11*b**2 - 1 - 2*b**2 + 12*b**2. Suppose -3*p = 5*d - 15, -5*p - 12 = -6*p - 4*d. Give a(p).
-1
Let t(j) = -j**3 - 3*j**2 + 6*j + 6. Suppose 2*s + 13 = 2*f + 5, -5*s = f - 16. Let v = 4 - f. Let n be (v - -3)*(-5 - -1). What is t(n)?
-2
Let q = 10 + -3. Let k = 5 - q. Let b(w) = 4*w**3 + 9*w**2 - 11*w - 5. Let n(s) = -2*s**3 - 4*s**2 + 5*s + 2. Let l(v) = 3*b(v) + 7*n(v). Give l(k).
7
Let u(x) = -3*x - 5. Let y = 62 + -54. Suppose 0*s - 2*s - 2*z = -16, 2*s + 4 = 3*z. Let p be (y/(-10))/(s/20). What is u(p)?
7
Let h = -9 + 4. Let x = 2 + 3. Let q(p) = x*p - 5 + 2*p**2 - p**2 + 2. Give q(h).
-3
Let d(n) = -n**3 + 6*n**2 - 4*n + 1. Let i be 4/(-2) - (-2 - 3). Suppose 0 = -i*z + 2*q + 25, z - q - 11 = -1. Determine d(z).
6
Let i(p) = -2*p - 5*p - 3 + 2. Let d(z) = 6*z + 2. Let x(n) = -6*d(n) - 5*i(n